is the thousands digit of 491038?
1
What is the thousands digit of 214458?
4
What is the units digit of 2873124?
4
What is the millions digit of 3993767?
3
What is the thousands digit of 665058?
5
What is the units digit of 242415?
5
What is the ten thousands digit of 125698?
2
What is the hundreds digit of 312330?
3
What is the tens digit of 13049547?
4
What is the millions digit of 4891125?
4
What is the units digit of 474496?
6
What is the tens digit of 2793488?
8
What is the hundreds digit of 1073163?
1
What is the thousands digit of 9507188?
7
What is the hundred thousands digit of 5946055?
9
What is the thousands digit of 21255?
1
What is the hundreds digit of 7545?
5
What is the ten thousands digit of 4855053?
5
What is the thousands digit of 209556?
9
What is the tens digit of 334259?
5
What is the hundreds digit of 555738?
7
What is the hundred thousands digit of 145257?
1
What is the tens digit of 174983?
8
What is the tens digit of 1556988?
8
What is the units digit of 193671?
1
What is the ten thousands digit of 13461610?
6
What is the millions digit of 2528855?
2
What is the units digit of 517499?
9
What is the thousands digit of 836927?
6
What is the units digit of 116939?
9
What is the hundred thousands digit of 5586134?
5
What is the thousands digit of 460178?
0
What is the thousands digit of 18905946?
5
What is the ten millions digit of 16664573?
1
What is the thousands digit of 115570?
5
What is the tens digit of 804721?
2
What is the units digit of 2466631?
1
What is the thousands digit of 26054151?
4
What is the tens digit of 282475?
7
What is the millions digit of 2435377?
2
What is the units digit of 3950339?
9
What is the thousands digit of 14696?
4
What is the hundreds digit of 269758?
7
What is the hundred thousands digit of 121575?
1
What is the hundreds digit of 2737596?
5
What is the thousands digit of 991190?
1
What is the tens digit of 296180?
8
What is the hundred thousands digit of 21135328?
1
What is the hundred thousands digit of 1865323?
8
What is the thousands digit of 6348300?
8
What is the tens digit of 35914993?
9
What is the units digit of 1748609?
9
What is the ten thousands digit of 582262?
8
What is the hundred thousands digit of 7387279?
3
What is the hundred thousands digit of 2130349?
1
What is the thousands digit of 10075467?
5
What is the hundred thousands digit of 5497074?
4
What is the tens digit of 300262?
6
What is the hundreds digit of 1370037?
0
What is the units digit of 698?
8
What is the thousands digit of 2997021?
7
What is the units digit of 544374?
4
What is the thousands digit of 3574919?
4
What is the millions digit of 20409444?
0
What is the tens digit of 19913813?
1
What is the units digit of 309781?
1
What is the hundreds digit of 240516?
5
What is the ten thousands digit of 42127?
4
What is the hundreds digit of 379496?
4
What is the ten thousands digit of 400251?
0
What is the ten thousands digit of 782699?
8
What is the tens digit of 1765967?
6
What is the ten thousands digit of 387882?
8
What is the thousands digit of 572806?
2
What is the hundreds digit of 325888?
8
What is the units digit of 2005320?
0
What is the ten millions digit of 17682188?
1
What is the hundreds digit of 2342439?
4
What is the thousands digit of 1259432?
9
What is the hundred thousands digit of 21826940?
8
What is the thousands digit of 1334039?
4
What is the thousands digit of 517831?
7
What is the units digit of 24488987?
7
What is the units digit of 24743141?
1
What is the thousands digit of 405131?
5
What is the hundred thousands digit of 308649?
3
What is the ten millions digit of 10207299?
1
What is the hundreds digit of 21721071?
0
What is the hundreds digit of 37894?
8
What is the tens digit of 22846443?
4
What is the units digit of 82637?
7
What is the ten thousands digit of 257368?
5
What is the thousands digit of 15206652?
6
What is the units digit of 1769075?
5
What is the tens digit of 489037?
3
What is the units digit of 2013222?
2
What is the thousands digit of 92197?
2
What is the thousands digit of 1080601?
0
What is the hundreds digit of 4898153?
1
What is the tens digit of 960383?
8
What is the hundreds digit of 24047?
0
What is the ten millions digit of 15557914?
1
What is the thousands digit of 12362598?
2
What is the units digit of 1071544?
4
What is the hundred thousands digit of 11586416?
5
What is the ten thousands digit of 1135396?
3
What is the ten thousands digit of 152741?
5
What is the units digit of 4142842?
2
What is the ten thousands digit of 353264?
5
What is the tens digit of 112055?
5
What is the ten thousands digit of 394905?
9
What is the hundreds digit of 215783?
7
What is the units digit of 285374?
4
What is the thousands digit of 6977233?
7
What is the units digit of 783622?
2
What is the ten thousands digit of 21848737?
4
What is the hundreds digit of 220794?
7
What is the tens digit of 641739?
3
What is the hundreds digit of 674229?
2
What is the hundreds digit of 1314676?
6
What is the hundred thousands digit of 534869?
5
What is the thousands digit of 10449?
0
What is the tens digit of 561157?
5
What is the thousands digit of 12155006?
5
What is the ten thousands digit of 693140?
9
What is the hundred thousands digit of 442356?
4
What is the ten thousands digit of 2144298?
4
What is the hundreds digit of 2926089?
0
What is the units digit of 24009935?
5
What is the ten thousands digit of 46789?
4
What is the hundreds digit of 2806758?
7
What is the hundreds digit of 4951247?
2
What is the hundreds digit of 136888?
8
What is the tens digit of 1736995?
9
What is the units digit of 246487?
7
What is the tens digit of 22288?
8
What is the hundreds digit of 692285?
2
What is the ten thousands digit of 3952951?
5
What is the ten thousands digit of 6389681?
8
What is the hundreds digit of 875419?
4
What is the units digit of 276192?
2
What is the units digit of 9763319?
9
What is the tens digit of 5887605?
0
What is the tens digit of 697541?
4
What is the ten thousands digit of 660610?
6
What is the thousands digit of 23859088?
9
What is the hundred thousands digit of 1306681?
3
What is the hundred thousands digit of 175644?
1
What is the hundred thousands digit of 107527?
1
What is the hundreds digit of 4053776?
7
What is the hundred thousands digit of 133921?
1
What is the hundreds digit of 190497?
4
What is the thousands digit of 6831140?
1
What is the ten thousands digit of 7967720?
6
What is the thousands digit of 13621676?
1
What is the hundred thousands digit of 499110?
4
What is the ten thousands digit of 5356047?
5
What is the thousands digit of 245801?
5
What is the thousands digit of 1387066?
7
What is the hundred thousands digit of 138158?
1
What is the hundreds digit of 2817750?
7
What is the hundreds digit of 1781629?
6
What is the tens digit of 197279?
7
What is the hundred thousands digit of 242789?
2
What is the ten thousands digit of 329304?
2
What is the hundred thousands digit of 627625?
6
What is the millions digit of 17672943?
7
What is the tens digit of 220983?
8
What is the ten thousands digit of 561075?
6
What is the hundred thousands digit of 2897369?
8
What is the ten thousands digit of 105535?
0
What is the millions digit of 5875960?
5
What is the hundreds digit of 10042176?
1
What is the hundred thousands digit of 5788330?
7
What is the hundred thousands digit of 672118?
6
What is the tens digit of 451367?
6
What is the ten thousands digit of 1206109?
0
What is the units digit of 365759?
9
What is the units digit of 57506?
6
What is the hundreds digit of 2556011?
0
What is the tens digit of 31708?
0
What is the hundred thousands digit of 1580058?
5
What is the units digit of 3584814?
4
What is the millions digit of 7356639?
7
What is the units digit of 192152?
2
What is the hundreds digit of 172775?
7
What is the hundreds digit of 23439209?
2
What is the millions digit of 6114670?
6
What is the hundreds digit of 347879?
8
What is the thousands digit of 168847?
8
What is the hundred thousands digit of 26835580?
8
What is the ten thousands digit of 964389?
6
What is the hundreds digit of 5599712?
7
What is the tens digit of 242860?
6
What is the units digit of 180581?
1
What is the units digit of 708795?
5
What is the ten thousands 